e
Is 22109 composite?
False
Is 17569 a composite number?
False
Is 66413 a prime number?
True
Is 40789 a prime number?
False
Is 177557 composite?
True
Is 175909 composite?
False
Is 18199 a prime number?
True
Is 22937 a composite number?
False
Is 11783 a composite number?
False
Is 13019 prime?
False
Is 202351 composite?
True
Is 33541 prime?
False
Is 1151 a composite number?
False
Is 10801 a prime number?
False
Is 157385 prime?
False
Is 13327 a prime number?
True
Is 65287 composite?
False
Is 520153 prime?
False
Is 27085 prime?
False
Is 125683 a prime number?
True
Is 778 a prime number?
False
Is 2927 composite?
False
Is 6683 prime?
False
Is 272077 a prime number?
False
Is 260819 composite?
True
Is 65821 prime?
False
Is 851 a composite number?
True
Is 9349 prime?
True
Is 10247 composite?
False
Is 3603 a prime number?
False
Is 111113 a composite number?
True
Is 14849 a prime number?
False
Is 4045 prime?
False
Is 1157 prime?
False
Is 45221 a composite number?
True
Is 87859 a composite number?
True
Is 98597 composite?
False
Is 24499 a composite number?
False
Is 126169 prime?
False
Is 423271 a prime number?
False
Is 680489 prime?
True
Is 142483 composite?
True
Is 235205 composite?
True
Is 43954 a composite number?
True
Is 3163 a composite number?
False
Is 35515 prime?
False
Is 28511 prime?
False
Is 981769 prime?
True
Is 16721 a composite number?
True
Is 284597 a prime number?
False
Is 88859 a composite number?
True
Is 381 a composite number?
True
Is 107659 prime?
False
Is 6353 a composite number?
False
Is 973 prime?
False
Is 2359985 composite?
True
Is 135481 a prime number?
False
Is 6893 prime?
False
Is 102991 prime?
False
Is 26027 a composite number?
True
Is 1143437 a composite number?
True
Is 1082273 prime?
True
Is 3741319 composite?
True
Is 4271 a composite number?
False
Is 171007 composite?
False
Is 580166 composite?
True
Is 4091551 a prime number?
False
Is 157037 a composite number?
False
Is 598123 prime?
True
Is 10154 prime?
False
Is 46471 prime?
True
Is 249493 prime?
False
Is 43481 prime?
True
Is 2533 a composite number?
True
Is 116483 composite?
False
Is 24163 prime?
False
Is 3551 a composite number?
True
Is 170773 prime?
True
Is 72803 a composite number?
True
Is 10709 a composite number?
False
Is 768953 composite?
False
Is 705613 composite?
False
Is 66919 a composite number?
False
Is 66545 a composite number?
True
Is 54121 prime?
True
Is 16123 composite?
True
Is 78643 a composite number?
False
Is 6029 a prime number?
True
Is 53513 a prime number?
False
Is 172741 a prime number?
True
Is 9278 a composite number?
True
Is 640421 composite?
False
Is 48301 prime?
False
Is 598049 a prime number?
True
Is 249349 prime?
False
Is 16477 composite?
False
Is 46679 a composite number?
False
Is 393427 a prime number?
False
Is 3691 a composite number?
False
Is 14777 composite?
True
Is 15763 composite?
True
Is 1621 composite?
False
Is 65479 a composite number?
False
Is 38011 composite?
False
Is 123 composite?
True
Is 945049 a composite number?
True
Is 363431 prime?
True
Is 28533 composite?
True
Is 189755 composite?
True
Is 306737 prime?
False
Is 57149 composite?
False
Is 38993 composite?
False
Is 132227 prime?
False
Is 135673 prime?
False
Is 8023 composite?
True
Is 1706383 a prime number?
False
Is 38443 composite?
True
Is 93581 composite?
False
Is 64661 composite?
False
Is 47438 prime?
False
Is 132395 a prime number?
False
Is 1090127 a prime number?
True
Is 40049 a composite number?
True
Is 309559 prime?
True
Is 4759 prime?
True
Is 72797 a prime number?
True
Is 11513 prime?
False
Is 11213 composite?
False
Is 1207 prime?
False
Is 30367 composite?
False
Is 19109 a prime number?
False
Is 17443 a prime number?
True
Is 8209 prime?
True
Is 367322 a composite number?
True
Is 113963 prime?
True
Is 18217 a composite number?
False
Is 10831 prime?
True
Is 1119389 prime?
True
Is 460531 prime?
True
Is 33409 composite?
False
Is 157587 composite?
True
Is 14503 prime?
True
Is 615427 a composite number?
False
Is 22501 prime?
True
Is 26363 composite?
True
Is 548103 a composite number?
True
Is 10411 prime?
False
Is 62485 prime?
False
Is 25649 a prime number?
False
Is 1037857 composite?
False
Is 1361 a prime number?
True
Is 9767 a composite number?
False
Is 672677 a composite number?
True
Is 381119 a composite number?
True
Is 18937 composite?
True
Is 36503 composite?
True
Is 29371 composite?
True
Is 31307 a composite number?
False
Is 70351 prime?
True
Is 1256353 a prime number?
False
Is 2271449 a prime number?
False
Is 47273 composite?
True
Is 1847 composite?
False
Is 115963 a prime number?
True
Is 4789 a prime number?
True
Is 47555 a prime number?
False
Is 1840985 prime?
False
Is 885619 a composite number?
True
Is 1324793 prime?
False
Is 938257 composite?
False
Is 2395 a composite number?
True
Is 12271 composite?
True
Is 5207 a composite number?
True
Is 4327 composite?
False
Is 1119995 prime?
False
Is 43822 composite?
True
Is 410717 a prime number?
True
Is 2861 a composite number?
False
Is 2339 a composite number?
False
Is 1475797 prime?
True
Is 30103 prime?
True
Is 110771 composite?
False
Is 527489 prime?
True
Is 270719 a prime number?
True
Is 15161 prime?
True
Is 454 composite?
True
Is 51079 composite?
True
Is 27437 composite?
False
Is 20981 a prime number?
True
Is 187937 a prime number?
False
Is 6031 prime?
False
Is 2026021 prime?
True
Is 86455 prime?
False
Is 270631 a prime number?
True
Is 69773 a composite number?
True
Is 162251 a prime number?
True
Is 138053 a prime number?
True
Is 325643 prime?
True
Is 338407 a composite number?
False
Is 763 composite?
True
Is 13811 a prime number?
False
Is 32861 a composite number?
True
Is 74407 prime?
False
Is 558067 prime?
True
Is 515959 prime?
False
Is 640019 a prime number?
True
Is 174907 prime?
True
Is 385223 a composite number?
False
Is 3587 prime?
False
Is 122201 a composite number?
False
Is 37619 prime?
True
Is 7321 a prime number?
True
Is 173291 a prime number?
True
Is 29287 prime?
True
Is 5403 prime?
False
Is 4613 prime?
False
Is 677497 a prime number?
False
Is 117643 prime?
True
Is 1391197 a composite number?
True
Is 1646713 a composite number?
True
Is 11599 a prime number?
False
Is 2148257 prime?
False
Is 3067 prime?
True
Is 5219 a composite number?
True
Is 193541 a prime number?
True
Is 15389 composite?
True
Is 23459 a composite number?
False
Is 32891 prime?
False
Is 402997 a prime number?
False
Is 7339 a prime number?
False
Is 686863 prime?
True
Is 5723 a prime number?
False
Is 31013 composite?
False
Is 1165511 a prime number?
True
Is 4861 a composite number?
False
Is 80519 a prime number?
False
Is 25001 a composite number?
True
Is 68806 a composite number?
True
Is 1980659 a prime number?
True
Is 156201 prime?
False
Is 2953 composite?
False
Is 3983 a prime number?
False
Is 6469 prime?
True
Is 507713 prime?
True
Is 136303 prime?
True
Is 2503 a prime number?
True
Is 64642 composite?
True
Is 8467 a prime number?
True
Is 88149 a composite number?
True
Is 12227 a prime number?
True
Is 96257 composite?
True
Is 24842 a prime number?
False
Is 3989 composite?
False
Is 5471 a composite number?
False
Is 4474 a composite number?
True
Is 232663 prime?
True
Is 106093 composite?
True
Is 392143 a composite number?
False
Is 73417 prime?
True
Is 139361 prime?
True
Is 19226 a composite number?
True
Is 750199 composite?
True
Is 10883 a prime number?
True
Is 405485 prime?
False
Is 106213 composite?
False
Is 15307 a composite number?
False
Is 253201 a prime number?
False
Is 1079 a prime number?
False
Is 330041 composite?
False
Is 20665 a composite number?
True
Is 143615 a prime number?
False
Is 352883 a prime number?
True
Is 83917 a prime number?
False
Is 19777 a prime number?
True
Is 4201 a prime number?
True
Is 240551 a composite number?
False
Is 25735 a composite number?
True
Is 951837 prime?
False
Is 5699 a prime number?
False
Is 11777 composite?
False
Is 385835 prime?
False
Is 1006 composite?
True
Is 122806 a composite number?
True
Is 23979 composite?
True
Is 29769 composite?
True
Is 4413 composite?
True
Is 527531 prime?
False
Is 268123 a composite number?
False
Is 1543 a composite number?
False
Is 2370197 composite?
False
Is 911609 a prime number?
False
Is 1397 a prime number?
False
Is 3989 a prime number?
True
Is 816599 a composite nu